nvert -32ca7 (base 16) to base 15.
-41994
-303021102 (base 4) to base 5
-23200430
-692826 (base 16) to base 2
-11010010010100000100110
254313300 (base 7) to base 8
75541607
311131023 (base 4) to base 2
110101011101001011
-2111032132 (base 4) to base 16
-9539e
3333241021 (base 5) to base 10
7321386
What is 1312123222 (base 4) in base 8?
1663352
-371112 (base 11) to base 13
-1772cc
What is -3442d (base 15) in base 16?
-289ae
147cb66 (base 15) to base 9
30805766
What is -2121102120 (base 3) in base 8?
-144216
Convert 644456 (base 7) to base 14.
2cb9d
Convert 359994 (base 11) to base 4.
2023002321
What is -13203302132 (base 4) in base 14?
-39822a
-1901445 (base 12) to base 15
-6d3ebe
What is 22202120122202 (base 3) in base 13?
c706b2
-450a (base 16) to base 6
-213454
What is 373884 (base 9) in base 10?
225985
47e33 (base 15) to base 12
b0863
Convert 111110111011100011000 (base 2) to base 15.
2aaed9
-101201002121 (base 3) to base 13
-74c08
-1023001013 (base 4) to base 13
-a9b23
What is 4367774 (base 8) in base 14?
22859a
56739 (base 11) to base 5
10111310
What is -517272 (base 8) in base 6?
-3402534
Convert 101100011011000000001 (base 2) to base 13.
3bc717
-110001001111100101101 (base 2) to base 10
-1613613
What is 1213520 (base 8) in base 10?
333648
255102 (base 7) to base 2
1011100100011001
Convert -a296 (base 16) to base 2.
-1010001010010110
Convert 232351 (base 6) to base 5.
1120021
-20a5bc (base 13) to base 15
-101c71
Convert -3103130 (base 5) to base 16.
-c4ef
Convert 530642 (base 9) to base 15.
63702
Convert 11bc4 (base 14) to base 5.
2342423
What is 12a07a (base 14) in base 12?
26b790
What is 10010101111100110100 (base 2) in base 7?
5135442
What is -1434042221 (base 5) in base 16?
-3a378f
What is -381f1 (base 16) in base 5?
-24323443
11011001010111110 (base 2) to base 13
3b871
Convert 131033202031 (base 4) to base 14.
1037937
Convert 9752a1 (base 13) to base 5.
1402144033
Convert -773657 (base 12) to base 9.
-3504744
-313241033 (base 5) to base 3
-2110100011210
d0be6 (base 15) to base 13
1a1a20
Convert 195746 (base 10) to base 16.
2fca2
What is -11421413213 (base 5) in base 7?
-222315316
-ca113a (base 14) to base 6
-402343252
What is -a310 (base 16) in base 12?
-201a8
Convert 1110111100101010101 (base 2) to base 7.
4110012
Convert -442214200 (base 5) to base 15.
-27c035
What is 12103110020 (base 4) in base 11?
a29177
Convert 10101000000000101 (base 2) to base 14.
234c5
-249568 (base 10) to base 3
-110200100021
-29b43 (base 14) to base 11
-70a42
Convert -42089 (base 12) to base 11.
-59aa1
What is -643c (base 13) in base 9?
-21064
What is -1246446 (base 10) in base 7?
-13410645
-7846b8 (base 12) to base 4
-13103223230
-2211121323 (base 4) to base 7
-5521134
Convert 192831 (base 13) to base 16.
9ad10
Convert -1011100001100 (base 2) to base 10.
-5900
Convert -82350 (base 10) to base 16.
-141ae
What is 24b1a (base 14) in base 5?
10334423
Convert 1010110010010001000 (base 2) to base 13.
c4b2b
13002033021 (base 4) to base 11
104a608
Convert 10223221 (base 4) to base 2.
100101011101001
-21a6ac4 (base 13) to base 6
-1005151253
Convert 2303313312 (base 4) to base 3.
1101102122100
Convert -20562414 (base 9) to base 3.
-200122002110111
157220 (base 14) to base 9
1362143
Convert -46a03 (base 13) to base 6.
-2433435
Convert 3023011 (base 5) to base 9.
73475
What is -2226718 (base 9) in base 5?
-301332220
Convert -7dd6 (base 14) to base 16.
-55b8
What is -4262115 (base 8) in base 9?
-2126442
Convert 1243423001 (base 5) to base 11.
1832aa2
169a57 (base 14) to base 7
6520640
Convert 1111220221002 (base 3) to base 10.
805493
What is -212002102110 (base 3) in base 11?
-290500
What is -10645627 (base 8) in base 4?
-20310232113
b1131 (base 12) to base 3
102200111201
Convert -301020021312 (base 4) to base 15.
-11e5c89
What is -28868 (base 12) in base 16?
-dcd0
Convert 42314313 (base 6) to base 10.
1238661
Convert -967a3b (base 15) to base 11.
-4053509
Convert 5615665 (base 7) to base 11.
434085
5542411 (base 7) to base 12
28b15a
Convert 9934 (base 14) to base 9.
40321
Convert -a5c30b (base 13) to base 6.
-215115025
What is -2123261 (base 7) in base 11?
-166996
Convert 1304042231 (base 5) to base 15.
43042b
What is 52225 (base 13) in base 9?
244374
Convert 134714 (base 14) to base 4.
2202131132
Convert 11e496 (base 15) to base 13.
240885
-1975813 (base 10) to base 7
-22536250
What is -624564 (base 9) in base 4?
-1122201223
46727 (base 12) to base 11
64984
What is -230112330 (base 4) in base 11?
-114565
What is 1332020310 (base 4) in base 9?
866646
51b8 (base 16) to base 13
96a3
What is -548202 (base 10) in base 2?
-10000101110101101010
What is 224112445 (base 6) in base 7?
46660160
What is 2110110020210 (base 3) in base 4?
10333111221
Convert -273269 (base 10) to base 14.
-71833
Convert 21baa (base 16) to base 15.
2ae04
Convert -56247 (base 13) to base 9.
-257460
What is 11143324 (base 5) in base 9?
161852
Convert 108ba8a (base 12) to base 15.
429ea1
-101052233 (base 6) to base 3
-10021001121110
-7613073 (base 10) to base 12
-2671869
What is -4b868 (base 16) in base 9?
-521314
542975 (base 11) to base 7
10242412
Convert -11110000111011000010 (base 2) to base 6.
-33052334
What is 211360 (base 8) in base 5?
4223014
37bb32 (base 12) to base 10
912278
Convert -250460223 (base 7) to base 5.
-13011312231
-1241045 (base 6) to base 3
-10102210002
What is -3089d (base 14) in base 10?
-116955
-3402104 (base 6) to base 7
-1313062
Convert 5244135 (base 6) to base 12.
10364b
Convert -11120021000 (base 3) to base 5.
-10333411
What is -7212560 (base 9) in base 4?
-32223020013
Convert -111000000100110011 (base 2) to base 13.
-8070c
3344235 (base 7) to base 3
210001112200
Convert 22d323a (base 14) to base 16.
fdf2f4
1001111101111001001110 (base 2) to base 7
31131351
What is -2ca428 (base 14) in base 9?
-2844567
Convert 1716ab (base 13) to base 4.
2030101230
What is -1103041122 (base 5) in base 6?
-123144011
Convert 72146 (base 10) to base 2.
10001100111010010
3281512 (base 9) to base 2
110101111001010100110
Convert 21021110222201 (base 3) to base 11.
2201651
Convert 11a310 (base 11) to base 9.
317687
What is 3544250 (base 6) in base 10?
184998
-954a01 (base 11) to base 5
-342413244
Convert -282647 (base 15) to base 7.
-22264261
2314144030 (base 5) to base 11
2a495a0
-34554566 (base 7) to base 11
-1796214
Convert -13540650 (base 7) to base 12.
-513276
What is -28844 (base 12) in base 6?
-1113324
b0b419 (base 13) to base 2
1111101011001100100000
What is -3773853 (base 9) in base 8?
-7660434
Convert 1325646 (base 9) to base 10.
725883
What is 7933d (base 16) in base 4?
1321030331
What is 4423100404 (base 5) in base 10?
9581354
-13202312 (base 4) to base 16
-78b6
-a90b0 (base 13) to base 10
-305526
What is -231122233 (base 4) in base 6?
-3553131
Convert 103310011222 (base 4) to base 10.
5194090
What is 139387 (base 14) in base 5?
133202400
-9b5277 (base 16) to base 4
-212311021313
Convert 7a4a43 (base 12) to base 5.
1000120322
Convert 10103145 (base 6) to base 4.
1012122221
What is -2660 (base 12) in base 9?
-6020
What is 2212201020 (base 3) in base 10?
56652
65d6c3 (base 14) to base 16
34bc2b
-60ffc0 (base 16) to base 3
-102221222001210
What is -40140023 (base 5) in base 16?
-4daba
What is 120011012122 (base 3) in base 16?
48d49
72136 (base 8) to base 2
111010001011110
Convert -100011001011100001010001 (base 2) to base 15.
-c227a0
-1100101001000110001 (base 2) to base 11
-263268
102102 (base 7) to base 6
213120
What is 121121210001 (base 3) in base 14?
87328
What is 1113147 (base 8) in base 9?
507362
What is 19652a (base 14) in base 4?
3123332322
Convert -46765 (base 14) to base 16.
-29e45
97317 (base 13) to base 7
2214534
Convert -204123242 (base 5) to base 10.
-848572
What is 1010120022100101 (base 3) in base 15?
165d30a
Convert -11010101001000101 (base 2) to base 3.
-12112200200
Convert 1101010000011110 (base 2) to base 10.
54302
1bdde7 (base 15) to base 2
101001100110101000011
Convert -10102201220 (base 3) to base 13.
-24a05
Convert -43a950 (base 11) to base 12.
-29a705
What is -41334 (base 6) in base 12?
-324a
-100050135 (base 7) to base 4
-112002113301
What is -b889b3 (base 12) in base 3?
-12111021011000
-231414322 (base 6) to base 10
-4279082
-23242310 (base 8) to base 4